 h*x. Let y = -127 + f. List the prime factors of y.
2, 59
Let q be -2*-3*1/(-6) - -8. Let w(y) = y**3 - 6*y**2 - 4*y - 8. Let n be w(q). Let g(c) = c**2 - 9*c + 14. List the prime factors of g(n).
2, 3, 11
Suppose -32 = 2*n - 166. Let i be 4/(-6)*((-1570)/4 - 2). Let a = i - n. List the prime factors of a.
2, 7
Suppose 5847230 + 2459577 = 231*h - 928111. List the prime factors of h.
2, 3, 2221
Let r(t) = 100*t**3 + t**2 + t. What are the prime factors of r(2)?
2, 13, 31
What are the prime factors of (-128863)/(-41)*3/(-2)*-2?
3, 7, 449
Let p be (1 - -137)/(25/300). Suppose 15*l + 9*l = p. What are the prime factors of l?
3, 23
Suppose 33*g + 2*q = 37*g - 16, 0 = 2*g - 3*q - 12. Suppose g*w + 12*r = 15*r + 1188, -5*w - r = -1968. List the prime factors of w.
2, 197
Let g(t) = 13*t**2 - 45*t + 219. List the prime factors of g(19).
4057
Suppose 3*d - 132 = -5*u, 0 = u - 6*u + d + 136. Suppose u*f = 22*f + 350. List the prime factors of f.
2, 5, 7
Let x(y) = -64*y**2 - 4 + y + 71*y**2 - 9. Let q be x(5). Suppose -m + q - 17 = 0. What are the prime factors of m?
2, 3, 5
Let a = 27315 + -14621. What are the prime factors of a?
2, 11, 577
Let x(u) = -335*u - 1 + 4*u**2 - 3*u**2 + 39 + 327*u. What are the prime factors of x(-16)?
2, 211
Let x = 126877 - 85689. List the prime factors of x.
2, 7, 1471
Let g(r) = 4017*r**2 + 237*r - 477. What are the prime factors of g(2)?
3, 5, 7, 17
Suppose 15*b - 13*b - 8 = 0. Let t be (-1164)/8*1*b/(-6). Suppose 2*w = n - 25, -3*n + 3*w = 25 - t. What are the prime factors of n?
23
Suppose 9*d - 3*j - 3749 = 7*d, 0 = -3*d + j + 5606. List the prime factors of (d - 1) + ((-9)/(-1) - 3).
2, 3, 13
Let c(n) = -n**3 - 9*n**2 + 33*n + 150. What are the prime factors of c(-19)?
13, 241
Let v be 1*-47 - (26 - 20). Let w = v + 189. List the prime factors of w.
2, 17
List the prime factors of (-40)/50*-10 - (-22056)/2.
2, 31, 89
Let a be (-17 + 18)/(4/44). Let o(i) = 123*i - 255. List the prime factors of o(a).
2, 3, 61
Let i be (148/28 - 5) + (-18989)/(-7). Suppose -i = -8*c + 1071. List the prime factors of c.
11, 43
Suppose -2*z + 1565 = 2*s - 3013, z + 4*s - 2298 = 0. What are the prime factors of z?
2, 3, 127
Suppose 4*y + 73810 = 2*z, 0 = -4*z + 3*y + 65394 + 82241. What are the prime factors of z?
7, 5273
Let i(w) = 2*w + 2*w**2 + 42 - 2*w + 42. Let k(b) = -b**3 - 8*b**2 + 9*b. Let h be k(-9). What are the prime factors of i(h)?
2, 3, 7
Suppose 523 = -3*h + 3718. Suppose 0 = -118*j + 106*j + 3288. Suppose h = 279*t - j*t. What are the prime factors of t?
3, 71
Let u(n) be the second derivative of 181*n**4/2 + n**3/3 - n**2 + 2*n + 39. What are the prime factors of u(1)?
2, 3, 181
Let h be -788 - -5 - (4/(-4) + 1). Let m = -333 - h. List the prime factors of m.
2, 3, 5
Suppose -3*s + 3765 = -4*i - 6687, -i - 17403 = -5*s. Suppose -6*x + 14*x = s. What are the prime factors of x?
3, 5, 29
Let l(y) = -y**3 + 3*y**2 + 5*y + 381. Let c be l(0). Let o = c - 291. List the prime factors of o.
2, 3, 5
Suppose -50*a + 5*a + 25*a + 756840 = 0. What are the prime factors of a?
2, 3, 7, 17, 53
Let n = 394 - 179. Let d = -203 + n. List the prime factors of d.
2, 3
Let x be ((-648)/9)/(6/(-4)). Let k = x - 37. What are the prime factors of 4/(-14) - k/((-154)/2160)?
2, 7, 11
Let s = -247 + 127. List the prime factors of -4*(-3)/s - 8662/(-20).
433
Let w = 9 + 31. Let j = 45 - w. Suppose -a = -j*t - 0 - 106, 4*a + 3*t = 401. What are the prime factors of a?
101
Let d(m) = 7522*m**2 + 2*m - 2. What are the prime factors of d(-1)?
2, 3, 7, 179
Suppose 24*f = 27*f + 12. List the prime factors of (-13692)/(-44) - f/(-22).
311
Suppose -5*n + 913 = i, -3*n + 501 = -4*i - 56. Let v = n + -175. What are the prime factors of v?
2
Let x(q) = -74*q - 308. Let s(c) = 2*c**2 + 25*c + 3. Let a be s(-12). List the prime factors of x(a).
2, 179
Suppose -7*w = 42*w - 2940. Suppose 69*p - w*p - 6057 = 0. List the prime factors of p.
673
Let a(g) = -g**2 - 17*g - 25. Let p be a(-9). Suppose -q = -z + q + p, -q = 0. What are the prime factors of z?
47
Suppose -74*n = 13*n + 68*n - 1696320. List the prime factors of n.
2, 3, 19
Let i(o) = -o**2 + 14*o + 6. Let w be i(14). What are the prime factors of w/39 - (-4)/((-52)/(-167))?
13
Let u(j) = -763*j - 5980. List the prime factors of u(-16).
2, 3, 173
Suppose -4*l = -8, 9370 = 2*d - l - 1032. Suppose 17*v - 5219 = d. Suppose 0 = 11*m + v - 3407. List the prime factors of m.
2, 127
Let x = -7004 + 11331. What are the prime factors of x?
4327
Let p(a) = 86*a + 4. Let f be p(1). Let i be (-173 - -1)/(15/(f/(-12))). Suppose 0 = -5*y - 4*x + 388, -x - x - i = -y. List the prime factors of y.
2, 5
Let q(x) = -x**3 - 26*x**2 + 29*x + 124. Let l be q(-27). Let r be ((-372)/10)/((-1)/5). Let u = r - l. List the prime factors of u.
2, 29
What are the prime factors of -302 - -93340 - 2*6?
2, 193, 241
Suppose -9*z = 81*v - 86*v + 221232, -4*v + 177022 = -2*z. What are the prime factors of v?
3, 14753
List the prime factors of -128006*5/(-240)*4 + 10/(-60).
10667
Suppose 33*p = -2*j + 31*p + 10706, -3*p - 37401 = -7*j. List the prime factors of j.
2, 3, 11
Let h = 257 + -251. Suppose -5*k + 15 = 0, -4*v - h*k + 7*k = -105. What are the prime factors of v?
3
Let v(j) = -333*j - 43. Let o be v(-5). Let b = o + -1100. Suppose -263 = -2*i + s, -s + 3*s = -4*i + b. List the prime factors of i.
131
Let j(i) = -i**3 - 4*i**2 + 2*i + 11. Let x be j(-4). Suppose -x*v - 17 = -0*b - b, -4*b - v + 16 = 0. Suppose -24 = -7*l + b*l. List the prime factors of l.
2, 3
Let z(y) = -y**3 + 3*y**2 + 14*y - 7. Let k be z(7). What are the prime factors of ((-7)/(k/220))/(3/45)?
2, 5, 11
Suppose 2*w - 23*w + 126 = 0. Suppose w*c - 18 + 0 = 0. Suppose -4*v + 81 = -d + 336, -d + c*v = -258. What are the prime factors of d?
3, 89
Let k(y) = -2*y**2 - 9*y + 11. Let d be k(-5). Let x = d - 26. What are the prime factors of (747/12 - -1) + 5/x?
3, 7
Let y be ((0 - -2) + -85)*(0 - 1). Suppose -5*x - 68 + y = 0. Suppose -1026 = -5*p - z, 606 = x*p + z + 2*z. List the prime factors of p.
2, 103
Let s be 0/(2 + 0/4) - 36. Let p = s - -38. Suppose -5*c = 4*b - 82, -3 = -p*b + 3. List the prime factors of c.
2, 7
Suppose 5246 + 1404 = 7*a. What are the prime factors of a?
2, 5, 19
Let y = -895 + 1483. Suppose -3*g + y = 5*b - 3032, 3625 = 5*b + 4*g. List the prime factors of b.
7, 103
Let u be -5 + (-38274)/(-9) - 8/(-6). List the prime factors of (4 - 130/35)*u.
2, 607
Let v be (-6)/(-10) - (167868/20)/9. Let z = 2452 + v. Suppose 690 + z = 13*d. List the prime factors of d.
2, 5, 17
Let m(b) = 1818*b**2 - 18*b + 11. What are the prime factors of m(1)?
1811
Let b(s) = -s**3 - 8*s**2 - s + 5. Let n be b(-8). Suppose 9*j = n*j. Suppose j = -7*r + 4*r + 354. What are the prime factors of r?
2, 59
Suppose -90*g - 42410 = -95*g. List the prime factors of g.
2, 4241
Suppose 0*t + 6 = t. Let g be (0 - (-3)/6)*t. Suppose 2*x - g*s = 271, -49 = -x + s + 88. What are the prime factors of x?
2, 5, 7
List the prime factors of (-144022)/(-24) + ((-7)/(-84) - 0).
17, 353
Let c(n) = -1132*n - 6913. What are the prime factors of c(-13)?
3, 17
Suppose 0 = -9*w + 16 + 2. Suppose 2*j - w*z = -4 + 8, 3*j = -z + 10. List the prime factors of (j - (1 - (4 - 7)))*-162.
2, 3
Let q = -5 - -9. Let n = 4163 + -4140. Suppose 37 = q*m - n. What are the prime factors of m?
3, 5
Suppose -6*u = 10 - 40. Let p = -3 + u. Suppose 0 = -4*o + 2*i + 544, p*o - o - 2*i - 136 = 0. What are the prime factors of o?
2, 17
Let n = -472 + 324. Let y = n - -66. Let j = y - -96. List the prime factors of j.
2, 7
Let z be (5 - ((-162)/(-24) + -1))*-4. Suppose -15964 = -49*c - z*c. What are the prime factors of c?
307
Let k(h) = -49*h + 32. Let j be k(1). List the prime factors of (7 - 4 - j) + 6.
2, 13
Suppose -r + 3*w - 2 = -0, -5*w = -10. Suppose -2*p + 9 = -c, r*c = -5*p + c + 6. Suppose p*u = 7*o - 3*o + 229, -5*o = -4*u + 305. List the prime factors of u.
3, 5
Suppose -14*m - 28093 = -172963 - 38572. What are the prime factors of m?
13103
Let g be 93/3 - 2 - 4. Let j = 113 - 71. Let i = j - g. List the prime factors of i.
17
Suppose -77*z + 635440 + 3333 = -2015571. List the prime factors of z.
2, 31, 139
List the prime factors of (19856/(-68))/((-4)/522).
2, 3, 29, 73
Suppose -20*f - 23 +